s of 8572.
2, 2143
List the prime factors of 323.
17, 19
What are the prime factors of 10147?
73, 139
What are the prime factors of 12173?
7, 37, 47
List the prime factors of 7456.
2, 233
List the prime factors of 515.
5, 103
What are the prime factors of 3410?
2, 5, 11, 31
What are the prime factors of 45845?
5, 53, 173
List the prime factors of 8082.
2, 3, 449
List the prime factors of 905.
5, 181
What are the prime factors of 109514?
2, 17, 3221
What are the prime factors of 945?
3, 5, 7
List the prime factors of 1527.
3, 509
What are the prime factors of 792?
2, 3, 11
What are the prime factors of 50595?
3, 5, 3373
What are the prime factors of 42537?
3, 11, 1289
List the prime factors of 31095.
3, 5, 691
What are the prime factors of 9380?
2, 5, 7, 67
What are the prime factors of 3521?
7, 503
What are the prime factors of 8781?
3, 2927
List the prime factors of 127789.
17, 7517
List the prime factors of 21880.
2, 5, 547
List the prime factors of 40580.
2, 5, 2029
What are the prime factors of 4360?
2, 5, 109
List the prime factors of 16043.
61, 263
List the prime factors of 6363.
3, 7, 101
What are the prime factors of 2321?
11, 211
List the prime factors of 69603.
3, 23201
What are the prime factors of 1368?
2, 3, 19
List the prime factors of 20023.
20023
What are the prime factors of 682?
2, 11, 31
List the prime factors of 63278.
2, 29, 1091
What are the prime factors of 134605?
5, 26921
What are the prime factors of 888?
2, 3, 37
What are the prime factors of 4364?
2, 1091
List the prime factors of 19138.
2, 7, 1367
List the prime factors of 9595.
5, 19, 101
List the prime factors of 902.
2, 11, 41
What are the prime factors of 9731?
37, 263
What are the prime factors of 28091?
7, 4013
What are the prime factors of 51922?
2, 13, 1997
List the prime factors of 7480.
2, 5, 11, 17
What are the prime factors of 70720?
2, 5, 13, 17
List the prime factors of 51321.
3, 17107
List the prime factors of 13856.
2, 433
List the prime factors of 3054.
2, 3, 509
What are the prime factors of 727?
727
What are the prime factors of 115989?
3, 23, 41
What are the prime factors of 7666?
2, 3833
List the prime factors of 32031.
3, 3559
List the prime factors of 1002.
2, 3, 167
List the prime factors of 2818.
2, 1409
List the prime factors of 8403.
3, 2801
List the prime factors of 5453.
7, 19, 41
List the prime factors of 27362.
2, 13681
List the prime factors of 1225.
5, 7
List the prime factors of 717.
3, 239
What are the prime factors of 15748?
2, 31, 127
List the prime factors of 1342.
2, 11, 61
List the prime factors of 941.
941
What are the prime factors of 4672?
2, 73
What are the prime factors of 23000?
2, 5, 23
What are the prime factors of 75539?
75539
What are the prime factors of 1886?
2, 23, 41
What are the prime factors of 1441?
11, 131
What are the prime factors of 7863?
3, 2621
List the prime factors of 8573.
8573
What are the prime factors of 9468?
2, 3, 263
What are the prime factors of 5825?
5, 233
List the prime factors of 1017.
3, 113
What are the prime factors of 6918?
2, 3, 1153
What are the prime factors of 50504?
2, 59, 107
What are the prime factors of 24468?
2, 3, 2039
List the prime factors of 110.
2, 5, 11
What are the prime factors of 11933?
11933
List the prime factors of 17818.
2, 59, 151
What are the prime factors of 1349?
19, 71
What are the prime factors of 7874?
2, 31, 127
What are the prime factors of 17574?
2, 3, 29, 101
List the prime factors of 72992.
2, 2281
List the prime factors of 18256.
2, 7, 163
List the prime factors of 501.
3, 167
List the prime factors of 12116.
2, 13, 233
List the prime factors of 63467.
63467
List the prime factors of 4324.
2, 23, 47
What are the prime factors of 1051?
1051
List the prime factors of 48605.
5, 9721
What are the prime factors of 2024?
2, 11, 23
What are the prime factors of 4159?
4159
List the prime factors of 187.
11, 17
List the prime factors of 5975.
5, 239
List the prime factors of 216.
2, 3
What are the prime factors of 60?
2, 3, 5
What are the prime factors of 2462?
2, 1231
What are the prime factors of 32000?
2, 5
What are the prime factors of 2822?
2, 17, 83
List the prime factors of 16232.
2, 2029
List the prime factors of 8988.
2, 3, 7, 107
What are the prime factors of 3659?
3659
List the prime factors of 15917.
11, 1447
What are the prime factors of 38714?
2, 13, 1489
List the prime factors of 1238.
2, 619
What are the prime factors of 21903?
3, 7, 149
List the prime factors of 887.
887
What are the prime factors of 3655?
5, 17, 43
What are the prime factors of 1510?
2, 5, 151
What are the prime factors of 16780?
2, 5, 839
What are the prime factors of 2191?
7, 313
List the prime factors of 24360.
2, 3, 5, 7, 29
List the prime factors of 85268.
2, 21317
List the prime factors of 13408.
2, 419
What are the prime factors of 12986?
2, 43, 151
What are the prime factors of 12809?
12809
What are the prime factors of 19619?
23, 853
What are the prime factors of 80802?
2, 3, 67
What are the prime factors of 46737?
3, 577
List the prime factors of 75258.
2, 3, 37, 113
List the prime factors of 4052.
2, 1013
List the prime factors of 137740.
2, 5, 71, 97
List the prime factors of 11753.
7, 23, 73
List the prime factors of 4052.
2, 1013
What are the prime factors of 446?
2, 223
What are the prime factors of 1706?
2, 853
List the prime factors of 15359.
15359
List the prime factors of 7087.
19, 373
List the prime factors of 1273.
19, 67
List the prime factors of 74099.
74099
List the prime factors of 24366.
2, 3, 31, 131
List the prime factors of 10418.
2, 5209
What are the prime factors of 3707?
11, 337
What are the prime factors of 20334?
2, 3, 3389
List the prime factors of 5463.
3, 607
List the prime factors of 21842.
2, 67, 163
What are the prime factors of 5043?
3, 41
What are the prime factors of 2520?
2, 3, 5, 7
What are the prime factors of 764?
2, 191
What are the prime factors of 19?
19
List the prime factors of 66627.
3, 11, 673
List the prime factors of 10312.
2, 1289
What are the prime factors of 6534?
2, 3, 11
List the prime factors of 63659.
63659
What are the prime factors of 72165?
3, 5, 17, 283
List the prime factors of 6111.
3, 7, 97
What are the prime factors of 46206?
2, 3, 17, 151
List the prime factors of 792.
2, 3, 11
List the prime factors of 10659.
3, 11, 17, 19
What are the prime factors of 12255?
3, 5, 19, 43
List the prime factors of 3036.
2, 3, 11, 23
List the prime factors of 45066.
2, 3, 7, 29, 37
What are the prime factors of 11976?
2, 3, 499
List the prime factors of 329.
7, 47
List the prime factors of 7968.
2, 3, 83
List the prime factors of 918.
2, 3, 17
List the prime factors of 426.
2, 3, 71
List the prime factors of 18101.
23, 787
What are the prime factors of 235?
5, 47
List the prime factors of 2228.
2, 557
What are the prime factors of 110215?
5, 7, 47, 67
List the prime factors of 272.
2, 17
List the prime factors of 10546.
2, 5273
What are the prime factors of 152855?
5, 19, 1609
List the prime factors of 4168.
2, 521
List the prime factors of 2214.
2, 3, 41
List the prime factors of 21583.
113, 191
List the prime factors of 513.
3, 19
What are the prime factors of 10018?
2, 5009
List the prime factors of 168.
2, 3, 7
What are the prime factors of 10951?
47, 233
List the prime factors of 2277.
3, 11, 23
List the prime factors of 20489.
7, 2927
What are the prime factors of 6467?
29, 223
What are the prime factors of 42519?
3, 14173
What are the prime factors of 13017?
3, 4339
List the prime factors of 10561.
59, 179
What are the prime factors of 2338?
2, 7, 167
What are the prime factors of 42408?
2, 3, 19, 31
List the prime factors of 13798.
2, 6899
What are the prime factors of 8164?
2, 13, 157
List the prime factors of 146.
2, 73
List the prime factors of 1263.
3, 421
What are the prime factors of 14339?
13, 1103
List the prime factors of 51.
3, 17
What are the prime factors of 2747?
41, 67
What are the prime factors of 459?
3, 17
What are the prime factors of 183699?
3, 20411
List the prime factors of 75275.
5, 3011
List the prime factors of 12292.
2, 7, 439
List the prime factors of 8204.
2, 7, 293
List the prime factors of 19.
19
List the prime factors of 3094.
2, 7, 13, 17
List the prime factors of 15803.
15803
L